).
-3
Let p(l) = l - 7. Let c(v) = -12*v**2 + 35*v + 25. Let x(n) = 7*n**2 - 17*n - 12. Let t(m) = -3*c(m) - 5*x(m). Let a be t(21). Calculate p(a).
-1
Let u(o) be the second derivative of -o**5/30 + o**4/12 + o**3/6 + 11*o**2/2 + 17*o. Let f(b) be the first derivative of u(b). Suppose -4*p - 2 = 2. Give f(p).
-3
Let w(b) = -9*b**2 - 5*b + 3. Suppose 57*q = 109 + 5. Determine w(q).
-43
Let g(x) = 15*x**3 - 71*x**2 + 15*x - 146. Let z(j) = 7*j**3 - 35*j**2 + 7*j - 70. Let r(u) = 6*g(u) - 13*z(u). Give r(29).
5
Let t(j) be the third derivative of -j**6/720 - j**5/120 + 23*j**4/6 - 47*j**2. Let g(h) be the second derivative of t(h). Determine g(-3).
2
Let b(c) = c**3 - 20*c**2 + 74*c - 132. Let l be b(16). Let p(n) = -6*n + 169. What is p(l)?
1
Let s(q) = q**2 + 2. Suppose -m - 4 = -6. Suppose -m*l = -3*h + 4*h + 3, l + 4*h = 9. Calculate s(l).
11
Let a(n) = 3*n**2 - n - 8. Let j(l) = -7*l**2 - 18*l - 65. Let y(p) = 2*a(p) + j(p). Determine y(-12).
15
Let a(p) be the third derivative of 0 + 1/12*p**5 + 36*p**2 - 5/24*p**4 + 1/6*p**3 + 1/120*p**6 + 0*p. Calculate a(-5).
26
Suppose 0 = 3*b - 2*b + 2*m + 9, 2*m + 20 = -2*b. Let k(p) = -172*p**2 - 5*p - 6*p + 3 + 171*p**2. Determine k(b).
3
Let b(d) = d + 2. Suppose 2*z = -5*f + 4*z + 51, 2*f = 2*z + 24. Calculate b(f).
11
Let s(a) = a**3 - 2*a**2 + 2*a - 1. Let x be 0 + 9 + (-3 + 10 - 13). What is s(x)?
14
Let o(g) = -g**3 + 6*g**2 + 16*g + 3. Let m be o(10). Let s be -1 - 2/(6/m). Let v(d) = -d**3 - d - 2*d + 74*d**2 - s*d**2 - 3. Determine v(-3).
-3
Let d(w) be the third derivative of 64*w**2 + 1/6*w**3 + 0*w + 0 + 1/24*w**4. Determine d(-3).
-2
Let z(p) = 6 + 7*p**2 - 5*p**2 + 93*p**3 + 51*p**3 - 143*p**3 + 11*p + 6*p**2. Calculate z(-8).
-82
Let y(w) be the first derivative of w**3/3 + 5*w**2/2 + 4*w + 2. Let i = 222 + -209. Suppose i*b = 12*b - 4. Calculate y(b).
0
Let s(r) = r**3 - 8*r**2 + r - 3. Let m = -36 - -44. Let l be s(m). Suppose -l*o = -3*o + 2, -2*o = -5*c + 2. Let i(b) = b**3 + b**2 - 11. What is i(c)?
-11
Let b(m) = -369*m - 367*m + 3 - 367*m + 1109*m + 2*m**2. Determine b(-5).
23
Let g = 3151 - 3150. Let o(j) be the second derivative of 9*j**5/20 - j**4/12 + j**2/2 - j. Determine o(g).
9
Let w(u) = u**3 - 11*u**2 + 8*u + 10. Let c(m) = m**2 - 4*m - 15. Let q be c(-3). Suppose -9*p = -q*p - 30. Determine w(p).
-10
Let w(h) = -h**3 + 4*h**2 - h + 2. Let p = 332 + -335. Suppose 4 = -5*t + t. Let c be 1*(5 - -1*(p - t)). Give w(c).
8
Let y(r) = -12*r + 5. Suppose -1107*v = -1175*v + 136. Calculate y(v).
-19
Let k(s) be the third derivative of 1/24*s**4 + 19*s**2 + 0 + 0*s + 7/6*s**3. Let p be k(-13). Let f(a) = a**2 + 5*a - 8. Give f(p).
-2
Let c be ((-10)/(-35))/(-1) + 32/14. Let w(q) = -4*q + 1515 - q - 506 - 498 - 506. Give w(c).
-5
Let a(i) be the second derivative of i**3/2 + 11*i**2/2 - 34*i - 3. Let j be ((-5)/2)/(8/16). Give a(j).
-4
Let t(q) = q**2 - 10*q - 9. Suppose -10*b - 3*b + 494 = 0. Suppose -5*f = -3*s + b, 2*f - 5*f - 3 = 0. Determine t(s).
2
Let d(i) = 9*i**3 - 7*i**2 + 2*i - 8. Let k = 163 + -156. Let f(q) = 5*q**3 - 3*q**2 + q - 4. Let c(l) = k*f(l) - 4*d(l). Determine c(7).
-3
Suppose 544 = -6*z - 11*z. Let v = -29 - z. Let m(n) = 6*n - 16*n - 1 + v*n. Calculate m(1).
-8
Let m(z) = -124*z + 184*z - 59*z + 2 + 3*z**2 - z**3. Give m(3).
5
Let y = -2008 - -2004. Let h be 6*(-2 + (-5)/(-2)). Let m(z) = 1 - 4*z**h - z**2 + 0*z + 5*z**3 + 4*z**2 - z. What is m(y)?
-11
Let t(i) = -7*i + 11. Let y(w) = -3*w + 6. Let q(d) = -4*t(d) + 9*y(d). Let c(v) = 1906*v + 22865. Let b be c(-12). Calculate q(b).
3
Let h(b) be the third derivative of 7*b**5/30 - b**4/12 - 3*b**2. Let z be (315/(-54))/(-35)*-3*2*2. Determine h(z).
60
Let c(q) be the second derivative of q**6/120 - 3*q**5/20 - 3*q**4/8 + 7*q**3/3 - 62*q**2 - 4*q + 7. Let n(h) be the first derivative of c(h). Determine n(10).
24
Suppose l - 36 = -l. Let n(m) = m**2 - 23*m + 8. Let v(d) = -d + 1. Let s(z) = n(z) - 5*v(z). Let g be s(l). Let x(q) = -2*q**2 + 4*q - 2. Determine x(g).
-8
Let o(j) = 1 + 1397*j - 4207*j + 1407*j + 1396*j. Suppose 0 = -4*v, -3*t + 3*v + 2*v = 0. Suppose -16 = 4*f - 4*d, -3*f + 4*d - 7*d + 6 = t. Give o(f).
8
Let a(i) be the third derivative of i**6/120 + i**5/3 + 19*i**4/24 - 45*i**2 - i + 4. Determine a(-19).
0
Let i(n) = 5*n**2 - 2*n - 1. Let j be (960/112)/((12/14)/3). Suppose 0 = 2*v - 5*r - 30, 4*v - r = r + 28. Let b be 2 + (-11)/v - 54/j. Determine i(b).
23
Let d(a) = a**3 + 4*a**2 + a - 1. Let r = 3340 + -3343. Give d(r).
5
Let l(g) = 24*g**2 - 1933 + 3798 - 1881 + g**3. What is l(-24)?
-16
Let r be (-156)/(-9) + -13 - 4. Let s(f) be the first derivative of -3*f**2 + 2*f + r*f**3 - 2. What is s(6)?
2
Suppose -768 = -1582*j + 1646*j. Let z be (-1)/(2/(-1*14)). Let u be z/2 - 6/j. Let h(q) = q**3 - 5*q**2 + 4*q + 1. Calculate h(u).
1
Suppose 0 = 4*a + 5*o + 21, -5*a - 2*o + 0*o - 39 = 0. Let k(v) = -8*v - 7. Determine k(a).
65
Let h(y) = -37*y + 3104. Let q be h(84). Let t(k) = 2*k**2 + 11*k + 11. Determine t(q).
-1
Let j(y) = y**2 - 48*y - 41. Let l be (((-490)/12)/5)/((-298)/1788). Give j(l).
8
Let s(p) = 254*p**2 + 19*p - 64. Let r(c) = -51*c**2 + 1. Let b(d) = -5*r(d) - s(d). Determine b(14).
-11
Let l(g) be the first derivative of 10 + 5/3*g**3 + 0*g**2 - 2*g. Give l(-2).
18
Let o(h) = -2*h - 216. Let l be o(-108). Let c(w) = -w**2 - 54. Calculate c(l).
-54
Let j(h) = h**3 - 10*h**2 + 2*h - 12. Let o = -1422 + 1432. What is j(o)?
8
Let l(h) = -9*h - 3. Let z(x) = -3*x - 1. Let p = 55 + -57. Let b(a) = p*l(a) + 7*z(a). Let j be (-30)/6 + 2 + -2. Calculate b(j).
14
Let l(i) = -i**3 - 7 - 144*i - 9*i + 2*i**2 + 148*i. Give l(-4).
109
Let g(z) = 1 + 9*z**2 - 10*z - 18 - 8*z**2. Let j = -2581 - -2592. Give g(j).
-6
Let c(s) = s**3 - 5*s**2 + 11*s - 24. Let j(w) = 29*w + 2817. Let d be j(-97). Determine c(d).
4
Let r be (32 - 32) + 3*2. Let w = r + -11. Let p(h) = -h**3 - 7*h**2 - 7*h - 5. Determine p(w).
-20
Let g be 200/80*(-368)/(-230). Let t(y) be the first derivative of -y**2 + 2 - 3 - 5*y + 0. Determine t(g).
-13
Let u(l) = 8*l. Let y(t) = 10*t + 16 + 19 + 20*t**2 + 19*t + 9*t + t**3. Let p be y(-18). Calculate u(p).
-8
Let c be (0 + 1)/((-2)/(-18)). Let b(a) be the third derivative of 1/3*a**4 + 5/6*a**3 - 126*a**2 + 0*a - 1/60*a**5 + 0. Calculate b(c).
-4
Let c = 84 - 86. Suppose 7*i - 35 = 35. Let v(o) = -18 - o + i + 9. Determine v(c).
3
Let y(o) be the first derivative of -o**5/60 - o**4/2 + o**3 + 127*o**2/2 + 64. Let x(r) be the second derivative of y(r). Calculate x(-12).
6
Let t = -6 - -6. Suppose -3*y + 0*y = t. Let l(q) = -4*q**2 - 3*q + 6. Let d(v) = v**2 + v - 1. Let s(x) = -3*d(x) - l(x). What is s(y)?
-3
Let f = 63 + -61. Let g(y) = y**3 + f - 6*y + 6*y**2 + 2*y + 5*y. Give g(-3).
26
Let k(t) = 10*t - 18 - 10 - 18 - 11 + 75. Determine k(-4).
-22
Let h(b) = 6*b**3 - 36*b**2 + 19*b - 35. Let v(x) = x**3 - 7*x**2 + 4*x - 7. Let y(a) = 2*h(a) - 11*v(a). Let f be (3/(-6))/((-12)/(-144)). Determine y(f).
7
Let l(r) = r**3 - 8*r**2 + 8*r - 15. Let v(k) = -6*k**3 + 48*k**2 - 51*k + 92. Let p(n) = -13*l(n) - 2*v(n). Give p(8).
-5
Let c be (-1)/(-2) + (-4 + 18/12 - 4). Let a(r) = 4*r + 21. Give a(c).
-3
Let h(v) = -v**2 - 3*v - 13. Let j(l) = -2*l**2 - 2*l - 9. Let y(i) = -2*h(i) + 3*j(i). Determine y(1).
-5
Let c = -7 + 12. Suppose r = c*r + 28. Let l(v) be the third derivative of v**4/8 + v**3/3 - v**2 - 2*v - 62336. Give l(r).
-19
Let l(m) = -9*m - 11. Suppose 0 = 56*z + 68 + 62 + 38. Give l(z).
16
Let g(m) = m**2 - 9*m + 10. Let a be 1 - 1 - 192 - 1. Let u = -186 - a. Calculate g(u).
-4
Let q(v) = 8*v - 3. Let z(h) = -h + 1. Let j(s) = -q(s) - 6*z(s). Suppose 5*l - 129 = -9. Let m = -30 + l. Calculate j(m).
9
Let x(h) be the first derivative of 27*h**2/2 + 9*h - 60. Let a(j) = -2*j - 1. Let b(r) = 22*a(r) + 2*x(r). Give b(4).
36
Let j be 0/(-5) - (4 - 8). Let g(y) = -4 - 4*y - y + j*y. Let r be g(-11). Let i(p) = -p**3 + 7*p**2 - 2*p + 4. Calculate i(r).
-10
Let q(v) = 12*v**3 - 1. Let w be 4/1 - 2 - -12. Let u(c) = c**3 - 3*c**2 + c. Let t be u(3). Let k be t - 56/(-16)*(-8)/w. What is q(k)?
11
Suppose -155*s - 52 = -168*s. Let q(p) = p**3 - 4*p**2 + 4*p - 10. Give q(s).
6
Let s(p) = 3*p**2 + 2*p + 1. Let d be (1128/(-45))/8 + 36/270. What is s(d)?
22
Let d be (-20)/(